tor of i(p)?
False
Let i be ((-6)/(-15))/(11/220). Suppose 3*u = 2*u + 44. Let p = u - i. Does 18 divide p?
True
Let j(k) = -k**2 - k + 3. Let w be j(0). Suppose -w = -4*p - 5*q + 11, 2*q - 26 = -5*p. Is 6 a factor of p?
True
Let g = -743 + 1323. Does 29 divide g?
True
Suppose -110*x - 50 = -112*x. Is x a multiple of 11?
False
Let z = -173 + 605. Is z a multiple of 30?
False
Suppose 196 - 21 = 5*b. Suppose -b - 97 = -3*j. Is 6 a factor of j?
False
Let b be ((-25)/(-10))/(2/28). Let u = 91 - b. Let m = -18 + u. Is m a multiple of 19?
True
Suppose -14*s + 149 = 51. Suppose -27*z + 700 = -s*z. Is z a multiple of 2?
False
Suppose -5*g - 25 = 0, h = g + 2*g + 17. Let a = -204 - -205. Is 2 a factor of a/(h - 17/9)?
False
Let y(h) = -h**3 + 6*h**2 - 10*h + 6. Let u be y(4). Is 25 a factor of (1*u/(-2))/(5/125)?
True
Let b = 2 - -5. Let l = b - 23. Is 16 a factor of (l/(-3))/((-6)/(-36))?
True
Let h = -137 - -137. Is 22 a factor of (-2 - -2) + (h + 308)/2?
True
Let b(x) = 2*x**3 - 11*x**2 + 6*x + 9. Is b(9) a multiple of 14?
True
Let f(a) = 21*a + 7. Let x(o) = -21*o - 6. Let p(k) = -2*f(k) - 3*x(k). Suppose 2*y - 1 = 2*g - 3*g, 4*g - 4*y = 16. Does 19 divide p(g)?
False
Suppose 5*c - 15 = 35. Suppose c*q = 8*q + 312. Is 13 a factor of q?
True
Is 7 a factor of ((-32)/12)/(1456/735 - 2)?
True
Suppose -6*b + 9*b - 9 = 0, 2*v - b = 4159. Is 86 a factor of v?
False
Suppose 0 = -9*i - 137 - 115. Let v = i - -80. Is 13 a factor of v?
True
Let l(b) = -b**3 + 24*b**2 + b - 24. Let v be l(24). Suppose 2*m - 5*m + 252 = v. Is 22 a factor of m?
False
Suppose 0*y - 2*y = 3*k - 413, 4*k = y - 234. Let j = y - 134. Is 10 a factor of j?
True
Suppose -5*h = 2*a - 21, 2*a + 24 = 5*h + 5*a. Suppose -v - 5*c + 19 = 0, 2*c + 41 = 2*v + h*v. Does 3 divide v?
True
Let s = -157 - -214. Does 4 divide s?
False
Suppose -3*v + 0 = -12. Suppose -3*b = 2*t - 382, 230 = v*b - 5*t - 310. Is 29 a factor of b?
False
Let c be 10/15 + (-4)/(-3). Suppose -t + 5 = c. Suppose 2*k + t = 15. Is 3 a factor of k?
True
Let y(a) = -a**2 - 6*a - 5. Suppose -20 = 6*f - f. Let i be y(f). Is 8 a factor of 1 - (-5*i + 3)?
False
Suppose 46*b - 11546 = 23*b. Is b a multiple of 20?
False
Let a = -4 - 3. Let r(l) = l**2 - 9*l - 10. Let s be r(a). Let w = s - 50. Does 18 divide w?
False
Let v(c) be the second derivative of 2*c**3/3 + 4*c**2 + 12*c. Does 17 divide v(7)?
False
Suppose -3*y + 2*u = 19, 4*y + 27 = -0*u + 3*u. Let z be (y/4)/(5/20). Is 2 a factor of 2/z*(-27)/2?
False
Suppose -h - 2*s = -316, -h - 5*s = 126 - 448. Is h a multiple of 4?
True
Let u = 62 - 12. Let m = 67 - 65. Suppose -3*j + 3*d + 186 = 0, -j + m*d = -2*j + u. Does 12 divide j?
False
Let u(b) = 180*b + 350. Does 29 divide u(19)?
True
Does 57 divide 16488/30 - 6/10?
False
Let i(q) be the second derivative of q**5/20 - q**4/2 + 5*q**3/6 + 3*q**2 - 3*q. Let n(m) = -4*m**3 + 2*m**2 - 1. Let g be n(-1). Is 4 a factor of i(g)?
False
Suppose -k + 2*h - 108 = 3*h, 0 = 5*k + 2*h + 546. Suppose 5*u + 4*j = -167, 9 = 4*j - 7*j. Let z = u - k. Does 16 divide z?
False
Is 465 + 8 - (7 - 0) a multiple of 12?
False
Suppose 5*a = 2*m + 434 + 1054, -4*m - 16 = 0. Suppose -z = 5*x - a, z + 320 = 5*x - 4*z. Is 10 a factor of x?
True
Suppose 7*a + 6 = 6*a. Is 7 a factor of 1/(a*(-1)/1002)?
False
Let k(b) = -30*b**3 + b + 1. Let s = -3 - -5. Let w(v) = -v**2 + 2*v - 1. Let n be w(s). Does 10 divide k(n)?
True
Is 12 a factor of 27852/792 + -1 + 11/6?
True
Let q(f) = 2*f**3 + 13*f + 1752. Is q(0) a multiple of 24?
True
Let j = -58 + 53. Let r(v) = -v**3 + 4 + 3 + v - 6*v - 5*v**2. Is r(j) a multiple of 16?
True
Let r = -11 + 16. Suppose 0 = -r*q - 1 + 181. Let n = 55 - q. Is 16 a factor of n?
False
Suppose -36 = 5*u - 96. Is 10 a factor of u?
False
Does 2 divide (58 + -60)*72/(-2)?
True
Let m = 30 - 30. Suppose m = -2*v + 5*v + 39. Does 7 divide (v/(-2))/((-1)/(-2))?
False
Suppose 27*g - 4708 = 23*g. Does 15 divide g?
False
Suppose 4*l + 34 = 5*u, 0*u - 3*u + 22 = -4*l. Suppose 9*v = u*v. Is (-17 + v - -4)*-3 a multiple of 8?
False
Let x = 5059 + -1842. Is 17 a factor of x?
False
Let q = 28 - 23. Suppose 3*p + q = 26. Suppose p = 3*r + s - 25, 4*s - 44 = -5*r. Does 3 divide r?
True
Does 32 divide (-11 - -5) + (-4 + 1 - -1513)?
True
Let c(w) = -w**3 - 5*w**2 - 5*w + 6. Let m be c(-3). Let a be (4 - (-1 - -2)) + -1. Suppose m*u = -a*s + 54, s + 0*u + 3*u - 27 = 0. Is s a multiple of 16?
False
Let k(g) = 6*g**3 - 11*g**2 - 12*g + 28. Does 10 divide k(7)?
False
Let f(j) = -93*j. Let s be f(-10). Suppose -q = 4*c + q - s, 5*c = -3*q + 1160. Is c a multiple of 47?
True
Let h be (-2)/(3 - (-53)/(-17)). Suppose h*z - 20*z = -15. Suppose 145 = 4*y + z*p, -y - 3*p - 137 = -5*y. Does 6 divide y?
False
Suppose 3*j + 846 = 3*i, 3*j - 5*j = 4*i + 570. Let v = 459 + j. Is v a multiple of 38?
False
Suppose -3*c = f - 1588, 0 = 28*f - 32*f + 5*c + 6267. Does 15 divide f?
False
Let d(z) = z**3 - z**2 - z - 3. Let b be d(0). Is 32/b*3/(-2) even?
True
Let k = -853 + 1579. Is 22 a factor of k?
True
Suppose -8*h = -38 - 26. Is 4 + (h - -162) - (-8)/2 a multiple of 9?
False
Let f be 40/2 + 4/2. Suppose 3*z - 2*z = 5*w + f, -3*z = -3*w - 90. Is 8 a factor of z?
True
Let q(k) = -7*k**3 - 28*k**2 - 17*k - 33. Let j(x) = 4*x**3 + 14*x**2 + 8*x + 16. Let o(c) = -5*j(c) - 3*q(c). Is o(-8) a multiple of 35?
True
Let f = 1 + 4. Let m(n) = 9*n - 17. Let z be m(11). Suppose f*a = z - 22. Does 7 divide a?
False
Let g(m) be the first derivative of -m**4/6 + 5*m**2/2 - 5. Let j(o) be the second derivative of g(o). Is j(-9) a multiple of 18?
True
Let o(n) be the third derivative of n**6/120 + n**5/5 + 11*n**4/12 + 4*n**3 + 36*n**2. Does 4 divide o(-10)?
True
Let m(u) = -u**3 - u**2 + 4*u - 1. Let i be m(-3). Suppose -25 = i*g - 105. Suppose -58 = -v - g. Does 14 divide v?
True
Let v(b) = 335*b - 320. Is v(7) a multiple of 25?
True
Suppose 0 = -5*l + 2*u + u - 20, -2*u = -3*l - 12. Let w = l - -16. Does 12 divide w?
True
Let k(u) = u. Let m(j) = j**2 + 2*j - 6. Let s(o) = 4*k(o) + m(o). Let b be s(-8). Let z(q) = -q**2 + 11*q + 3. Does 4 divide z(b)?
False
Let o(v) = v**2 - 2*v - 1. Let z be o(-9). Suppose -5*d + 2*p + 21 = -95, -4*p = 5*d - z. Does 4 divide d?
False
Is 21 a factor of (4 - 4) + (-2 - -759)?
False
Suppose 0 = 4*b - 1270 - 1058. Is b a multiple of 17?
False
Let c be 1/(9/6) + 7/21. Suppose 0 = -4*j - 5*t + 89, 6*j - 69 = 2*j - t. Suppose j = f + c. Is 8 a factor of f?
False
Let x = 0 + -1. Does 8 divide (6/x)/2*-71?
False
Suppose -2*g = 2*g + 4. Let w be 40/16*(g - -3). Suppose 17 = -s - 0*s - w*f, -5*s = -5*f - 35. Is s a multiple of 3?
True
Does 29 divide (-21342)/(-23) - (2445/(-345) - -7)?
True
Suppose 0*b = 3*b + n + 3, -3*b = -n + 9. Is (b - 16)/(1/(-2)) a multiple of 9?
True
Suppose -28 = -p + 12. Suppose 2*q = 7*q - p. Does 5 divide q - (7 - 3)/(-4)?
False
Let r(i) = -17*i - 70. Is r(-16) a multiple of 19?
False
Let m(b) be the second derivative of b**6/360 - b**5/10 + b**4/6 + b**3 + 2*b. Let s(v) be the second derivative of m(v). Does 3 divide s(13)?
False
Suppose -3*q - 384 = -6*q. Suppose -3*l = d - 8*l - 76, 2*d = 4*l + q. Does 8 divide d?
True
Let k be (-1)/(2/(-12)*2). Is 11 a factor of 3/k + -1 + 46?
False
Let l(i) = 0*i + 5*i - 15 - i + 0*i. Is l(7) a multiple of 8?
False
Let t be 2/(-22)*1069 + 4/22. Let w = 47 - t. Is 16 a factor of w?
True
Let l(a) = -a**2 - 11*a + 10. Suppose 5*m - 3*r = -57, -6*m + 2*r = -3*m + 34. Let g be l(m). Let z = g - -5. Is z even?
False
Suppose 3*k + 231 = 3*n, 130 = 3*n + 2*k - 121. Is n a multiple of 12?
False
Suppose -3*d = 3*m - 5*m + 1038, 0 = -m + 5*d + 505. Suppose m = j + 2*j. Suppose -5*s - 40 = -j. Does 14 divide s?
False
Let n(v) = v**3 + 23*v**2 + 20*v - 29. Suppose 0*i = 10*i + 220. Is n(i) a multiple of 2?
False
Suppose -5*r + 62 = 3*l, r - 2*l = 3*l - 10. Suppose 745 = r*j - 335. Is 9 a factor of j?
True
Suppose 8*u + 37 = 133. Is 12 a factor of (-21 - -22)/((5/u)/5)?
True
Let t(x) = x**3 + 2*x**2 - 4*x - 10. Let u be t(5). Suppose -4*n = 3*z - 355, n + 5*z = 3*n - u. Is n a multiple of 20?
False
Let z = -3 - -553. Does 11 divide z?
True
Suppose -5*m + 33 - 138 = 0. Let c(j) = -j**2 + 3*j - 6. Let k be c(0). Let f = k - m. Is 3 a factor of f?
True
Let f = 16 + -4. Suppose -f + 4 = -2*v. Suppose -2*o = -4*w +